 -k - 0*k - g + 11. What is the remainder when h is divided by k?
12
Let l be (1 - (1 - 0))/(177/59). Suppose 2*c - 5*c + 15 = l. What is the remainder when 8 is divided by c?
3
Let c(d) = d + 63. What is the remainder when c(-6) is divided by 5?
2
Let q = -36 + 39. Suppose a - 2*n = 12, a - 4*n = -q*a + 60. What is the remainder when 69 is divided by a?
15
Suppose 4*y - 4 = 3*i - 56, y + 4 = 0. Calculate the remainder when (-4)/14 + 1128/28 is divided by i.
4
Let o = -94 + 125. Calculate the remainder when 103 is divided by o.
10
Suppose 0 = 34*c - 5647 + 1669. Calculate the remainder when c is divided by 17.
15
Let o(a) = -a**3 + 8*a**2 - 6*a + 3. Let n be 29/4 - (-3)/(-12). Let w(d) = -41*d**2 - 326*d + 21. What is the remainder when o(n) is divided by w(-8)?
0
Let v(f) = f**2 + 2*f - 12. Suppose 0 = -4*t + 5*q, 0 = -0*t + t - q + 1. Let w be v(t). What is the remainder when 8 is divided by -2*((-1 - w) + 3)?
0
Let l(x) = x**3 - 3*x**2 + 10*x - 14. Suppose 3*b = -2*b + 200. What is the remainder when b is divided by l(3)?
8
Let f be (-66)/(-4)*8/12. Suppose 888 = f*w - 69. Calculate the remainder when w is divided by 30.
27
What is the remainder when -44*(5 + (-2 - 4)) is divided by 14?
2
Suppose 0 = 9*v - 33*v - 1944. Calculate the remainder when 4/18 + (-2979)/v is divided by 19.
18
Let z = 55 + -19. Suppose 5*b + 5*v - 95 = 0, -4*b + z = -2*v - 2*v. What is the remainder when 55 is divided by b?
13
Calculate the remainder when (340/40)/((-2)/(-8)) is divided by 27.
7
Suppose -4*c - 2*d = -20, 15 + 16 = 5*c + d. Suppose -2*k + 17 = -k. Calculate the remainder when k is divided by c.
3
Suppose -4*o = -3*o - 4*f + 2, -3*o + 38 = -f. Suppose -9 = -j + 3. Let l = j - -13. What is the remainder when l is divided by o?
11
Suppose 0 = -11*z + 1679 - 700. Let t = -2 - -20. What is the remainder when z is divided by t?
17
What is the remainder when (68 + -786)*(0 + -1) is divided by 12?
10
Let o(s) = -14*s - 2. Let l = 21 - 22. Calculate the remainder when ((-27)/(-6))/(4/40) is divided by o(l).
9
Let m = -115 - -616. Calculate the remainder when m is divided by 36.
33
Let j(r) = -26*r + 8. Let w be j(3). Calculate the remainder when 41 is divided by 3/((1/2)/(w/(-28))).
11
Let b(n) be the third derivative of 7*n**4/24 - 5*n**3/6 - 7*n**2. Calculate the remainder when 58 is divided by b(5).
28
Suppose 2*r - 3*r + 2 = 0. Let j = 2 + r. Suppose -2*d - 5*f - 4 = 0, 4*d = 3*d + 2*f + 7. What is the remainder when j is divided by d?
1
Let t(n) = -n**2 + 5*n + 1. Let k be t(3). Let i = 23 + k. Calculate the remainder when i is divided by 16.
14
Let z be 10/35 + 296/(-7). Let s = 135 + z. What is the remainder when s is divided by 32?
29
Let u(r) = 3*r**2 - 9*r - 2. Calculate the remainder when 2349 is divided by u(4).
9
Let f be (4/(-6))/((-8)/(-120)). Let j(m) = 2*m + 24. What is the remainder when 19 is divided by j(f)?
3
Let p be (-63 - 2)/(-1 - 0). Let w = -30 + 64. Let l = p - w. What is the remainder when l is divided by 8?
7
Suppose -y = 1, -56*n + 60 = -53*n - 3*y. Calculate the remainder when 130 is divided by n.
16
Suppose 0 = -2*u - 5*u + 252. What is the remainder when u + -5 + 1 + 5 is divided by 10?
7
Let w(c) = 16*c**3 + 2*c**2 - 4*c + 2. Let i be (5/(-4))/(1/(-4)). Calculate the remainder when ((-31)/i)/(2/(-10)) is divided by w(1).
15
Let n = 49 - -6. Let q = 55 - 21. Let j = q - 19. Calculate the remainder when n is divided by j.
10
Suppose j = -f + 313 - 34, 5*f - 4*j - 1431 = 0. Calculate the remainder when f is divided by 4.
3
What is the remainder when 52 - 1 - 3/3 is divided by 24/36 - (-104)/6?
14
Let k(z) = 5*z - 26. Let f(c) = c**3 + 2*c + 8. Let m be f(0). Calculate the remainder when 39 is divided by k(m).
11
Let n = -1553 - -1562. Calculate the remainder when 36 is divided by n.
0
Let v(s) be the second derivative of 7*s**3/6 + 11*s**2/2 - 9*s. Calculate the remainder when v(4) is divided by 21.
18
Suppose -4*k - d = -96, 3*k + 2*d - 26 - 41 = 0. Calculate the remainder when 70 is divided by k.
20
Let i = 6 + -4. Suppose -i*p - 157 - 53 = -4*k, -5*p + 138 = 3*k. Calculate the remainder when k is divided by 13.
12
Let v(z) = -z**3 + 3*z**2 - 2*z + 4. Let d be v(3). Let r = -95 + 133. Calculate the remainder when r is divided by (-28)/((-5)/((-5)/d)).
10
Suppose 3*l = -4*h + 4 + 232, -h = -5. Suppose 8 = 3*s - 49. Calculate the remainder when l is divided by s.
15
What is the remainder when 6315/12 - 4/16 is divided by 23?
20
Suppose 150*x + 23220 = 195*x + 385*x. Suppose -56 = -5*z + m, -5*m = -3*z + z + 27. What is the remainder when x is divided by z?
10
Let u(w) = 64*w - 381. What is the remainder when u(12) is divided by 30?
27
Let g = -183 + 201. Calculate the remainder when 45 is divided by g.
9
Suppose 0 = 9*t - 26*t + 68. Calculate the remainder when 21 is divided by (-1)/(9/30)*(-6)/t.
1
Let s(n) = n**2 + 36*n + 1. Let k(z) = -36*z - 2. Let w(o) = -2*k(o) - 3*s(o). What is the remainder when 166 is divided by w(-11)?
30
Let v(x) = x**2 + 7*x + 44. Calculate the remainder when 414 is divided by v(-8).
50
Let j(n) = 27 - 2 - 13*n - 61. What is the remainder when j(-10) is divided by 12?
10
Let j be (-300)/(-9) + (-2)/(-3). Let h = 48 - j. Calculate the remainder when 51 is divided by h.
9
Suppose -8*v = -5*v + 219. Let j = v + 104. Suppose -710 = -27*t - 278. What is the remainder when j is divided by t?
15
Let c = -19 - -17. Let g(f) = -4*f + 1. Let y be g(c). Suppose -4*l + y = -3*l. What is the remainder when l is divided by 5?
4
Suppose 0 = -2*d + 2*n + 201 - 31, -3*d + 255 = 4*n. Calculate the remainder when d is divided by 18.
13
Let k(h) = h**3 + 8*h**2 - 2*h + 11. Suppose -160 = -12*j + 4*j. What is the remainder when k(-8) is divided by (84/j)/((-21)/(-70))?
13
Let k(l) = -8*l - 36. Calculate the remainder when 93 is divided by k(-6).
9
Let u(p) = -p**3 + 6*p**2 + 57*p + 20. Calculate the remainder when u(11) is divided by ((-1)/((-2)/44))/2.
9
Calculate the remainder when 30 is divided by 15 - (2 - ((-15)/5 - -6)).
14
Suppose -5*h - 2*h + 595 = 0. Calculate the remainder when h is divided by (-5*(-18)/21)/(1/7).
25
Suppose -2*y + 21 = 3*t - 6*y, -21 = -2*t + 5*y. Let n(x) = 2 + x**2 - 5*x + 2*x**2 + 2. What is the remainder when 46 is divided by n(t)?
14
Calculate the remainder when 240 is divided by (-4)/(-12) - (-5 - (-1105)/(-15)).
3
Suppose -4*x - 10 + 30 = 0. Suppose -17 - 9 = -2*p + x*c, 65 = 5*p - 5*c. Calculate the remainder when 50 is divided by p.
11
Calculate the remainder when 142 is divided by 587/9 + 476/(-2142).
12
What is the remainder when 2 + ((-4)/(-6))/(14/399) is divided by 11?
10
Suppose 0 = -v + 3*v. Let d = 1996 + -1972. Suppose a = -2*a + 5*b + d, v = -3*b + 9. Calculate the remainder when a is divided by 5.
3
Suppose -r + 220 = 4*f + 4*r, -4*r - 165 = -3*f. What is the remainder when f is divided by 33?
22
Suppose 2278 = 17*k + 357. Calculate the remainder when 201 is divided by k.
88
Let x be (-2)/(-4) - (-299)/2. Suppose -x = -4*j - 46. Calculate the remainder when (-852)/(-17) - (-3 - 53/(-17)) is divided by j.
24
Suppose 2*f + 46 = 2*s, -2*f + 22 = 2*s - 8. Let a = 3118 + -3083. What is the remainder when a is divided by s?
16
Calculate the remainder when (-1)/3 + (-6)/(18/(-187)) is divided by 32.
30
Suppose 204*m = 244*m - 29160. What is the remainder when m is divided by 12?
9
Calculate the remainder when (-22)/3*(-10 - 2) is divided by 23.
19
Let f = -444 - -598. Calculate the remainder when f is divided by 26.
24
Let j(s) = s**3 - 3*s**2 + 4*s - 1. Let r be j(5). Suppose -8*t + 1307 = -r. What is the remainder when t is divided by 58?
56
Calculate the remainder when -10 + (-3642)/(30/(-5)) is divided by 25.
22
Let z = -85 - -125. What is the remainder when 74 is divided by z?
34
Suppose -20 = -36*c + 32*c. Let f(d) = d**2 - 11*d + 18. Let y be f(9). Suppose -3*l + 18 + 12 = y. Calculate the remainder when l is divided by c.
0
Let l = -50 + 55. Suppose -2*s - f = f - 22, 2*s + l*f = 25. Calculate the remainder when 19 is divided by s.
9
Suppose 29 - 435 = -7*t. Calculate the remainder when t is divided by 10.
8
Let b be (116/6)/(2/(-6)). Let a = b - -109. Calculate the remainder when a is divided by 26/(-34 + 28 + 8).
12
Let w(h) = h**2 - 21*h + 107. Suppose -13 = -3*a +